t common factor of m and b?
22
Suppose -54 = 3*a - 12*a. Calculate the greatest common divisor of a and 4.
2
Suppose -27*b = -18*b - 3276. Calculate the highest common divisor of 104 and b.
52
Let b = 11 - 5. Suppose -10 = c - b*c. Suppose -5*r + 3 = -c. What is the greatest common factor of 1 and r?
1
Suppose -40*s + 92 = -1028. What is the highest common factor of s and 4?
4
Let a(z) = z**3 + 8*z**2 - z - 6. Let f be a(-8). Let l be (14 + 0)*f/4. Suppose 26 = b - l. Calculate the greatest common divisor of b and 363.
33
Let v = -4 - -4. Let x(a) = a**3 + 30*a**2 - 2*a - 33. Let f be x(-30). Suppose v = b - f + 7. Calculate the highest common divisor of 8 and b.
4
Let q be -20 - (-6 + (-9)/(-3)). Let v be (0/1)/1 - 391/q. Calculate the greatest common factor of v and 253.
23
Let k(p) = 5*p + 2*p - 6*p + 4 - 6*p. Let j be k(-4). Let v be j*(-6)/(-3 - 0). What is the greatest common divisor of 12 and v?
12
Let b = 987 - 702. Calculate the highest common factor of 15 and b.
15
Suppose t = -3*w + 13, -5*w + 16 = -4*t - 0*t. Suppose -44 = -5*s + 3*s + w*n, -5*s + 104 = -4*n. What is the greatest common divisor of s and 10?
10
Let g(u) = 2*u**2 - 3*u - 121. Let w be g(9). Let n(x) = 6*x - 1. Let f be n(6). What is the highest common factor of f and w?
7
Let p(n) = 2 + 0 + 13*n**3 - 6*n**3 + 4*n**2 - 8*n**3. Let i be p(4). Suppose y - 25 = -0*y + q, 30 = 2*y + i*q. What is the highest common factor of 80 and y?
20
Let o be -1 - 1 - -1 - -14. Let z(a) = 3*a - 16. Let v be z(6). Let d be (1 + 36 + v)/(150/200). What is the highest common factor of d and o?
13
Let k(h) = -3*h + 114. Let n be k(10). What is the greatest common divisor of n and 126?
42
Let f(m) = m**3 - 11*m**2 - 30*m + 16. Let s(c) = 4*c + 2. Let a be s(3). Let g be f(a). What is the greatest common divisor of 8 and g?
8
Let n(c) = c**3 - 8*c**2 + 2*c - 18. Let x be n(8). Let l be 5 + 5 - (-8)/x. Suppose l*z = 4*z + 28. Calculate the greatest common divisor of z and 21.
7
Let o(h) = -8*h**2 - 5*h + 3. Let p(i) = 10*i**2 + 6*i - 4. Let y(x) = -4*o(x) - 3*p(x). Let u be y(-2). What is the highest common factor of 12 and u?
4
Suppose 4*z + 4*k = 4676 + 2528, -5421 = -3*z + 3*k. Calculate the greatest common divisor of z and 44.
44
Suppose 309 = 12*p + 57. What is the highest common factor of 273 and p?
21
Let x(q) = q**3 - 8*q**2 - 53. Let c be x(9). What is the highest common factor of 35 and c?
7
Suppose -5306 = -22*r + 2988. What is the greatest common divisor of 52 and r?
13
Let m be 9/3 + (0 - -95). Suppose 4*x + 142 = 5*g - 4*g, 3*x = 5*g - m. Let w be (-914)/(-18) - 8/x. What is the greatest common divisor of 34 and w?
17
Suppose 804 = 3*c - 3*s, -276 = -3*c - 5*s + 512. What is the greatest common factor of 14 and c?
14
Let a(b) = b**3 - b**2 - 4*b - 1. Let j be a(3). Suppose 3*k + h - 36 = 0, -2*k + 54 = k - 5*h. Let f = k + j. What is the highest common divisor of f and 6?
6
Suppose -12*y + 15*y - 6 = 0. Suppose 4*q - 2*q - 4*c - 60 = 0, 3*q - y*c - 98 = 0. Calculate the highest common divisor of 51 and q.
17
Let r be (-27)/5 - (-6)/15. Let o = r + 27. Suppose -3*a = -5*a + o. What is the greatest common factor of a and 44?
11
Let s(v) = -17*v + 12. Let w be s(-2). Calculate the highest common divisor of 1334 and w.
46
Let p = 764 + -759. Let b be (-402)/(-10) + 2/(-10). Calculate the greatest common divisor of p and b.
5
Suppose 5*l + 401 = 1166. What is the greatest common divisor of 34 and l?
17
Suppose x = -2*t - 3*x + 6, -1 = x. Suppose -t*f + 25 = -4*f. Calculate the highest common divisor of f and 50.
25
Let n = -41 - -77. Suppose -3*w - 2*v - 3*v = -14, 3*w + v = 10. What is the highest common divisor of n and w?
3
Let f = -428 + 440. Suppose 5*o = 15 - 5. Suppose o*s - f = s. Calculate the greatest common factor of 96 and s.
12
Suppose -x + 302 = 3*c, -2*c - 2*c + 2*x + 416 = 0. Suppose -c = -7*m + 1116. Calculate the greatest common factor of m and 29.
29
Suppose -3*p = -6*p + 15. Suppose -55 = -p*z - 30. Calculate the highest common factor of 65 and z.
5
Suppose -u = 2*w + 3*u - 724, -1096 = -3*w - 4*u. What is the greatest common factor of w and 60?
12
Let k = -416 + 457. What is the greatest common divisor of k and 697?
41
Suppose -40 = -2*i + 2. Let o = 202 + -188. Calculate the greatest common divisor of i and o.
7
Let n(a) = 60*a - 50. Let z be n(1). What is the greatest common divisor of z and 1570?
10
Suppose 5*o + 12 = -n - 19, 2*n = 5*o - 92. Suppose -d = -2*d - 71. Let j = n - d. What is the highest common factor of 90 and j?
30
Let b be 41/(-6 + 5*(-91)/(-70)). What is the highest common divisor of b and 738?
82
Let q(d) = 11*d. Let v be q(2). Let x = -10 + 6. Let a be (-3)/x - 217/(-4). Calculate the greatest common divisor of v and a.
11
Suppose -18*j + 336 = -6*j. What is the highest common factor of j and 4900?
28
Let w(p) = -4*p**3 + p**2 - 4*p + 2133. Let s be w(0). What is the greatest common divisor of s and 27?
27
Suppose 5*t + 4*u - 675 = -324, -3*u = -3*t + 243. Let w = 69 + -39. What is the highest common factor of w and t?
15
Suppose -37 - 255 = -73*l. What is the greatest common divisor of l and 552?
4
Let z(n) = 7*n**2 - 9*n + 11. Let w(c) = -15*c**2 + 17*c - 23. Let l(g) = 3*w(g) + 7*z(g). Let d be l(8). Calculate the highest common divisor of 21 and d.
21
Suppose 4*o + l = 20, 3*o - 4*o = 2*l + 2. Calculate the greatest common factor of o and 26.
2
Let d = -181 - -417. Calculate the greatest common factor of d and 59.
59
Let f(v) = -6*v - v**3 - 45 + 36 + 2*v**3 - 3*v**2. Let d be f(6). Calculate the highest common factor of 18 and d.
9
Suppose 0*d = -d - 2, -3*b + d + 173 = 0. Suppose 0*x + 76 = -2*x. Let p = x + b. What is the greatest common factor of 19 and p?
19
Let h = 290 - 111. Let q = 323 - h. Calculate the greatest common divisor of 16 and q.
16
Let v(x) = -x**3 - 4*x**2 - 9*x + 12. Let y be v(-5). Calculate the highest common factor of y and 246.
82
Let m(f) = -64*f - 298. Let n be m(-5). What is the highest common divisor of n and 682?
22
Let j(i) = -i**2 + 19*i + 519. Let c be j(31). What is the highest common factor of 273 and c?
21
Suppose 0 = 4*m - 2*u - 376, -4*m + 6*m = 3*u + 196. What is the greatest common factor of 46 and m?
46
Suppose -4*u - 8 = p - 5*p, 3*p + 2*u = 11. Let l(m) = 0*m + 11 + m**p - m**2 - m - 10. Let y be l(5). What is the highest common divisor of 12 and y?
12
Let i(f) = -f**2 - f + 1. Let x be i(2). Let q = 51 - x. Let l(j) = -3*j - 2. Let t be l(-3). Calculate the greatest common divisor of t and q.
7
Let m = 1618 - 1628. Let c(l) = -l**3 + l**2 - 1. Let h be c(-1). Let i be 64/h*m/(-20). What is the greatest common factor of i and 4?
4
Suppose -9*h = -8*h - 31. Suppose -4*r + 45 = -h. What is the highest common divisor of r and 95?
19
Suppose -1353 = -4*s - 4*r + 951, -4*r - 2336 = -4*s. Calculate the greatest common divisor of s and 20.
20
Let a = 15 + 24. Suppose -b = -4, 5*l - b + 30 = -a. Let g(h) = -h**2 - 16*h + 1. Let r be g(l). What is the greatest common factor of r and 16?
8
Let k(x) = -8*x - 24. Let m be k(-6). Let v(n) = n**2 - 9*n - 2. Let p be v(10). What is the highest common factor of p and m?
8
Suppose 2*w = -0*w + p - 15, -4*p + 36 = -4*w. Let f be w/(-21) + 68/7. What is the highest common divisor of 20 and f?
10
Suppose m - 3*k = 0, m - 13 = -k - 1. Let a(s) = 2*s - 2*s + 5*s - s - 22. Let o be a(m). What is the greatest common factor of 14 and o?
14
Let z be 0/(0 + 2/(-2)). Suppose 0 = -4*x + 48 - z. Calculate the greatest common factor of x and 9.
3
Suppose 2*p + 2*g - 60 = 0, 3*p = -5*g + 67 + 21. Let w be 348 + (20/4 - 3). Suppose -5*a = -890 - w. What is the highest common factor of p and a?
31
Suppose -5*q = -n - 81, 26*q - 3*n - 73 = 21*q. What is the greatest common divisor of q and 459?
17
Suppose -4*d + 2*w + 1976 = 0, 4*w = -d - 185 + 661. Suppose -3*k - 114 = -d. Let h be (8/(-6))/((-6)/k). Calculate the highest common factor of 28 and h.
28
Suppose 2*v - 73 = 5*t, 4*v - 2*t = -47 + 217. Suppose 3*p - 43 = 176. Let c = p - v. Calculate the highest common factor of 203 and c.
29
Suppose 4392 = -332*o + 341*o. Calculate the highest common factor of 61 and o.
61
Let w be 1/2*-1 + (-21568)/(-128). Calculate the greatest common divisor of 36 and w.
12
Let n(j) = 12*j*